f 8009909?
0
What is the ten thousands digit of 5202519?
0
What is the units digit of 3790026?
6
What is the hundreds digit of 3731499?
4
What is the hundreds digit of 436864?
8
What is the thousands digit of 1475683?
5
What is the tens digit of 9773364?
6
What is the units digit of 64059?
9
What is the millions digit of 3170944?
3
What is the thousands digit of 2996982?
6
What is the millions digit of 20332477?
0
What is the ten thousands digit of 2006786?
0
What is the ten thousands digit of 695164?
9
What is the thousands digit of 22963414?
3
What is the hundreds digit of 784554?
5
What is the hundreds digit of 52712?
7
What is the thousands digit of 15855871?
5
What is the thousands digit of 211789?
1
What is the units digit of 8785009?
9
What is the millions digit of 4896827?
4
What is the hundreds digit of 2938556?
5
What is the ten thousands digit of 22478472?
7
What is the hundred thousands digit of 11745328?
7
What is the tens digit of 51368?
6
What is the hundreds digit of 344633?
6
What is the ten thousands digit of 8906952?
0
What is the thousands digit of 128574?
8
What is the ten thousands digit of 2527722?
2
What is the hundreds digit of 14852219?
2
What is the hundred thousands digit of 497975?
4
What is the tens digit of 1331540?
4
What is the tens digit of 3399233?
3
What is the ten thousands digit of 13033?
1
What is the units digit of 3306528?
8
What is the ten thousands digit of 2385634?
8
What is the units digit of 884444?
4
What is the tens digit of 1230585?
8
What is the tens digit of 3132818?
1
What is the millions digit of 1581085?
1
What is the tens digit of 17436123?
2
What is the tens digit of 215720?
2
What is the units digit of 145645?
5
What is the ten thousands digit of 2242319?
4
What is the units digit of 6253036?
6
What is the units digit of 22096985?
5
What is the thousands digit of 378810?
8
What is the thousands digit of 7160067?
0
What is the ten thousands digit of 3212248?
1
What is the tens digit of 10294082?
8
What is the hundred thousands digit of 744216?
7
What is the millions digit of 1447398?
1
What is the hundred thousands digit of 412530?
4
What is the millions digit of 2153834?
2
What is the hundreds digit of 134153?
1
What is the units digit of 254915?
5
What is the units digit of 851849?
9
What is the hundred thousands digit of 620975?
6
What is the hundred thousands digit of 1393566?
3
What is the thousands digit of 1271046?
1
What is the units digit of 2164422?
2
What is the hundred thousands digit of 642296?
6
What is the hundreds digit of 638182?
1
What is the thousands digit of 2737658?
7
What is the thousands digit of 344232?
4
What is the thousands digit of 8377598?
7
What is the hundreds digit of 36523?
5
What is the hundreds digit of 176038?
0
What is the units digit of 655510?
0
What is the ten thousands digit of 2504981?
0
What is the units digit of 142821?
1
What is the units digit of 311832?
2
What is the thousands digit of 4535721?
5
What is the units digit of 60233?
3
What is the ten thousands digit of 8800093?
0
What is the ten millions digit of 13659129?
1
What is the tens digit of 3803088?
8
What is the hundreds digit of 8040947?
9
What is the units digit of 2722309?
9
What is the millions digit of 6775003?
6
What is the units digit of 776400?
0
What is the hundred thousands digit of 32697655?
6
What is the hundred thousands digit of 3298418?
2
What is the thousands digit of 1581703?
1
What is the units digit of 37284554?
4
What is the tens digit of 366986?
8
What is the hundreds digit of 13798526?
5
What is the tens digit of 2297986?
8
What is the ten thousands digit of 734401?
3
What is the units digit of 558628?
8
What is the thousands digit of 6755414?
5
What is the hundred thousands digit of 4382199?
3
What is the ten thousands digit of 2954018?
5
What is the ten thousands digit of 185157?
8
What is the hundreds digit of 527824?
8
What is the hundreds digit of 6155831?
8
What is the ten millions digit of 10823155?
1
What is the units digit of 9352664?
4
What is the ten thousands digit of 1895580?
9
What is the hundreds digit of 9084909?
9
What is the hundred thousands digit of 4365603?
3
What is the hundreds digit of 1064517?
5
What is the thousands digit of 9001944?
1
What is the millions digit of 12385978?
2
What is the ten thousands digit of 826298?
2
What is the units digit of 312390?
0
What is the tens digit of 7534?
3
What is the thousands digit of 2093485?
3
What is the thousands digit of 642093?
2
What is the hundreds digit of 114545?
5
What is the thousands digit of 627423?
7
What is the millions digit of 19731749?
9
What is the thousands digit of 25408?
5
What is the millions digit of 3604776?
3
What is the thousands digit of 6500982?
0
What is the ten thousands digit of 359940?
5
What is the units digit of 344262?
2
What is the ten thousands digit of 112986?
1
What is the thousands digit of 243666?
3
What is the thousands digit of 84256?
4
What is the tens digit of 149090?
9
What is the ten thousands digit of 27759103?
5
What is the units digit of 16936058?
8
What is the ten thousands digit of 2568563?
6
What is the millions digit of 2933999?
2
What is the ten thousands digit of 408017?
0
What is the hundreds digit of 1307636?
6
What is the hundred thousands digit of 1858344?
8
What is the ten thousands digit of 48125?
4
What is the millions digit of 12077250?
2
What is the thousands digit of 413354?
3
What is the millions digit of 1593916?
1
What is the thousands digit of 5394821?
4
What is the millions digit of 1865980?
1
What is the units digit of 697275?
5
What is the tens digit of 20345088?
8
What is the units digit of 310704?
4
What is the hundreds digit of 2012118?
1
What is the hundred thousands digit of 217580?
2
What is the millions digit of 2443978?
2
What is the units digit of 716669?
9
What is the hundred thousands digit of 3357321?
3
What is the hundreds digit of 7681093?
0
What is the units digit of 4722246?
6
What is the thousands digit of 3829273?
9
What is the ten thousands digit of 4254528?
5
What is the ten thousands digit of 4534155?
3
What is the hundreds digit of 23274261?
2
What is the tens digit of 1450703?
0
What is the ten thousands digit of 113939?
1
What is the tens digit of 223167?
6
What is the millions digit of 16702557?
6
What is the hundred thousands digit of 1116108?
1
What is the thousands digit of 1087233?
7
What is the hundred thousands digit of 24704531?
7
What is the ten thousands digit of 6173389?
7
What is the units digit of 15395766?
6
What is the hundreds digit of 928166?
1
What is the hundred thousands digit of 4049808?
0
What is the tens digit of 17159684?
8
What is the units digit of 246304?
4
What is the units digit of 817122?
2
What is the hundred thousands digit of 1662629?
6
What is the thousands digit of 2401177?
1
What is the tens digit of 1002284?
8
What is the tens digit of 2977452?
5
What is the millions digit of 6492570?
6
What is the units digit of 34062?
2
What is the thousands digit of 1107381?
7
What is the ten thousands digit of 4507649?
0
What is the thousands digit of 772008?
2
What is the thousands digit of 15792182?
2
What is the ten thousands digit of 799247?
9
What is the tens digit of 3412182?
8
What is the millions digit of 28082038?
8
What is the hundreds digit of 9099049?
0
What is the ten thousands digit of 312428?
1
What is the tens digit of 182455?
5
What is the millions digit of 42588642?
2
What is the tens digit of 6993265?
6
What is the hundred thousands digit of 363655?
3
What is the tens digit of 99335?
3
What is the thousands digit of 420741?
0
What is the units digit of 1962991?
1
What is the thousands digit of 7847519?
7
What is the hundred thousands digit of 5260156?
2
What is the millions digit of 1678365?
1
What is the thousands digit of 166090?
6
What is the units digit of 395643?
3
What is the thousands digit of 3061441?
1
What is the ten thousands digit of 6931936?
3
What is the hundreds digit of 1297344?
3
What is the hundred thousands digit of 177729?
1
What is the ten millions digit of 20816363?
2
What is the thousands digit of 976180?
6
What is the hundred thousands digit of 7651714?
6
What is the hundred thousands digit of 2433613?
4
What is the units digit of 2